

{"id":1927,"date":"2019-02-06T12:07:26","date_gmt":"2019-02-06T11:07:26","guid":{"rendered":"https:\/\/ainv.abteilung.tools\/?page_id=1927"},"modified":"2023-03-22T19:26:32","modified_gmt":"2023-03-22T18:26:32","slug":"soutenez-nous","status":"publish","type":"page","link":"https:\/\/acneinversaschweiz.ch\/fr\/soutenez-nous\/","title":{"rendered":"Soutenez-nous"},"content":{"rendered":"[vc_row type=\u00a0\u00bbin_container\u00a0\u00bb full_screen_row_position=\u00a0\u00bbmiddle\u00a0\u00bb scene_position=\u00a0\u00bbcenter\u00a0\u00bb text_color=\u00a0\u00bbdark\u00a0\u00bb text_align=\u00a0\u00bbleft\u00a0\u00bb class=\u00a0\u00bbtopShadow\u00a0\u00bb overlay_strength=\u00a0\u00bb0.3&Prime;][vc_column column_padding=\u00a0\u00bbno-extra-padding\u00a0\u00bb column_padding_position=\u00a0\u00bball\u00a0\u00bb background_color_opacity=\u00a0\u00bb1&Prime; background_hover_color_opacity=\u00a0\u00bb1&Prime; width=\u00a0\u00bb1\/1&Prime; tablet_text_alignment=\u00a0\u00bbdefault\u00a0\u00bb phone_text_alignment=\u00a0\u00bbdefault\u00a0\u00bb][divider line_type=\u00a0\u00bbNo Line\u00a0\u00bb custom_height=\u00a0\u00bb20&Prime;][\/vc_column][\/vc_row][vc_row type=\u00a0\u00bbin_container\u00a0\u00bb full_screen_row_position=\u00a0\u00bbmiddle\u00a0\u00bb scene_position=\u00a0\u00bbcenter\u00a0\u00bb text_color=\u00a0\u00bbdark\u00a0\u00bb text_align=\u00a0\u00bbleft\u00a0\u00bb overlay_strength=\u00a0\u00bb0.3&Prime;][vc_column column_padding=\u00a0\u00bbno-extra-padding\u00a0\u00bb column_padding_position=\u00a0\u00bball\u00a0\u00bb background_color_opacity=\u00a0\u00bb1&Prime; background_hover_color_opacity=\u00a0\u00bb1&Prime; width=\u00a0\u00bb1\/1&Prime; tablet_text_alignment=\u00a0\u00bbdefault\u00a0\u00bb phone_text_alignment=\u00a0\u00bbdefault\u00a0\u00bb][vc_column_text]\n<h2><span style=\"color: #06a290;\">Devenir membre ou donateur\/donatrice<\/span><\/h2>\n[\/vc_column_text][divider line_type=\u00a0\u00bbNo Line\u00a0\u00bb custom_height=\u00a0\u00bb20&Prime;][vc_column_text]Nous serions heureux de vous accueillir au sein de notre association, en tant que membre actif ou passif, pour des actions ou des projets concrets, \u00e0 l\u2019occasion de l\u2019assembl\u00e9e g\u00e9n\u00e9rale, lors d\u2019\u00e9v\u00e9nements organis\u00e9s pour les patient(e)s \u00e0 Berne ou \u00e0 Zurich, ou encore pendant la semaine d\u2019action sur la maladie de Verneuil.<br \/>\nMobilisez-vous et soutenez-nous! Cliquez ici pour acc\u00e9der au formulaire de demande d\u2019adh\u00e9sion:[\/vc_column_text][divider line_type=\u00a0\u00bbNo Line\u00a0\u00bb custom_height=\u00a0\u00bb20&Prime;][nectar_btn size=\u00a0\u00bblarge\u00a0\u00bb open_new_tab=\u00a0\u00bbtrue\u00a0\u00bb button_style=\u00a0\u00bbregular\u00a0\u00bb button_color_2=\u00a0\u00bbExtra-Color-1&Prime; icon_family=\u00a0\u00bbnone\u00a0\u00bb text=\u00a0\u00bbFormulaire de demande d&rsquo;adhesion\u00a0\u00bb url=\u00a0\u00bbhttps:\/\/ainv.abteilung.tools\/mitglied-werden\/\u00a0\u00bb][\/vc_column][\/vc_row][vc_row type=\u00a0\u00bbin_container\u00a0\u00bb full_screen_row_position=\u00a0\u00bbmiddle\u00a0\u00bb scene_position=\u00a0\u00bbcenter\u00a0\u00bb text_color=\u00a0\u00bbdark\u00a0\u00bb text_align=\u00a0\u00bbleft\u00a0\u00bb overlay_strength=\u00a0\u00bb0.3&Prime;][vc_column column_padding=\u00a0\u00bbno-extra-padding\u00a0\u00bb column_padding_position=\u00a0\u00bball\u00a0\u00bb background_color_opacity=\u00a0\u00bb1&Prime; background_hover_color_opacity=\u00a0\u00bb1&Prime; width=\u00a0\u00bb1\/1&Prime; tablet_text_alignment=\u00a0\u00bbdefault\u00a0\u00bb phone_text_alignment=\u00a0\u00bbdefault\u00a0\u00bb][divider line_type=\u00a0\u00bbSmall Line\u00a0\u00bb line_thickness=\u00a0\u00bb1&Prime; divider_color=\u00a0\u00bbdefault\u00a0\u00bb custom_height=\u00a0\u00bb40&Prime;][divider line_type=\u00a0\u00bbNo Line\u00a0\u00bb custom_height=\u00a0\u00bb20&Prime;][vc_column_text]\n<h2><span style=\"color: #06a290;\">Nous avons besoin de votre soutien<\/span><\/h2>\n[\/vc_column_text][divider line_type=\u00a0\u00bbNo Line\u00a0\u00bb custom_height=\u00a0\u00bb20&Prime;][vc_column_text]Chers sponsors,<br \/>\nL\u2019association Acne Inversa SchwAIz est administr\u00e9e par des b\u00e9n\u00e9voles. Afin de financier nos projets, nous d\u00e9pendons de l\u2019aide financi\u00e8re de sponsors.\u00a0Renseignez-vous sur nos futurs projets!<br \/>\nSi vous avez des questions, nous restons bien entendu \u00e0 votre disposition. Il vous suffit pour cela d\u2019envoyer un e-mail \u00e0 <a href=\"mailto:kontakt@acneinversaschweiz.ch\">kontakt@acneinversaschweiz.ch<\/a>.\u00a0Nous pouvons naturellement d\u00e9livrer des attestations de dons.<\/p>\n<p>Bankverbindung: Verein Acne Inversa schwAIz<br \/>\nIBAN: \u00a0 \u00a0 \u00a0 \u00a0 \u00a0 CH82 8080 8007 6946 1791 2<br \/>\nSWIFT-BIC: RAIFCH22675[\/vc_column_text][divider line_type=\u00a0\u00bbNo Line\u00a0\u00bb custom_height=\u00a0\u00bb40&Prime;][divider line_type=\u00a0\u00bbSmall Line\u00a0\u00bb line_thickness=\u00a0\u00bb1&Prime; divider_color=\u00a0\u00bbdefault\u00a0\u00bb custom_height=\u00a0\u00bb40&Prime;][\/vc_column][\/vc_row]\n","protected":false},"excerpt":{"rendered":"<p>[vc_row type=\u00a0\u00bbin_container\u00a0\u00bb full_screen_row_position=\u00a0\u00bbmiddle\u00a0\u00bb scene_position=\u00a0\u00bbcenter\u00a0\u00bb text_color=\u00a0\u00bbdark\u00a0\u00bb text_align=\u00a0\u00bbleft\u00a0\u00bb class=\u00a0\u00bbtopShadow\u00a0\u00bb overlay_strength=\u00a0\u00bb0.3&Prime;][vc_column column_padding=\u00a0\u00bbno-extra-padding\u00a0\u00bb column_padding_position=\u00a0\u00bball\u00a0\u00bb background_color_opacity=\u00a0\u00bb1&Prime; background_hover_color_opacity=\u00a0\u00bb1&Prime; width=\u00a0\u00bb1\/1&Prime; tablet_text_alignment=\u00a0\u00bbdefault\u00a0\u00bb phone_text_alignment=\u00a0\u00bbdefault\u00a0\u00bb][divider line_type=\u00a0\u00bbNo Line\u00a0\u00bb custom_height=\u00a0\u00bb20&Prime;][\/vc_column][\/vc_row][vc_row type=\u00a0\u00bbin_container\u00a0\u00bb full_screen_row_position=\u00a0\u00bbmiddle\u00a0\u00bb scene_position=\u00a0\u00bbcenter\u00a0\u00bb text_color=\u00a0\u00bbdark\u00a0\u00bb text_align=\u00a0\u00bbleft\u00a0\u00bb overlay_strength=\u00a0\u00bb0.3&Prime;][vc_column column_padding=\u00a0\u00bbno-extra-padding\u00a0\u00bb column_padding_position=\u00a0\u00bball\u00a0\u00bb background_color_opacity=\u00a0\u00bb1&Prime; background_hover_color_opacity=\u00a0\u00bb1&Prime; width=\u00a0\u00bb1\/1&Prime; tablet_text_alignment=\u00a0\u00bbdefault\u00a0\u00bb&#8230;<\/p>\n","protected":false},"author":1,"featured_media":0,"parent":0,"menu_order":0,"comment_status":"closed","ping_status":"closed","template":"","meta":{"footnotes":""},"class_list":["post-1927","page","type-page","status-publish"],"_links":{"self":[{"href":"https:\/\/acneinversaschweiz.ch\/fr\/wp-json\/wp\/v2\/pages\/1927","targetHints":{"allow":["GET"]}}],"collection":[{"href":"https:\/\/acneinversaschweiz.ch\/fr\/wp-json\/wp\/v2\/pages"}],"about":[{"href":"https:\/\/acneinversaschweiz.ch\/fr\/wp-json\/wp\/v2\/types\/page"}],"author":[{"embeddable":true,"href":"https:\/\/acneinversaschweiz.ch\/fr\/wp-json\/wp\/v2\/users\/1"}],"replies":[{"embeddable":true,"href":"https:\/\/acneinversaschweiz.ch\/fr\/wp-json\/wp\/v2\/comments?post=1927"}],"version-history":[{"count":4,"href":"https:\/\/acneinversaschweiz.ch\/fr\/wp-json\/wp\/v2\/pages\/1927\/revisions"}],"predecessor-version":[{"id":2290,"href":"https:\/\/acneinversaschweiz.ch\/fr\/wp-json\/wp\/v2\/pages\/1927\/revisions\/2290"}],"wp:attachment":[{"href":"https:\/\/acneinversaschweiz.ch\/fr\/wp-json\/wp\/v2\/media?parent=1927"}],"curies":[{"name":"wp","href":"https:\/\/api.w.org\/{rel}","templated":true}]}}

[vc_row type= »in_container » full_screen_row_position= »middle » scene_position= »center » text_color= »dark » text_align= »left » class= »topShadow » overlay_strength= »0.3&Prime;][vc_column column_padding= »no-extra-padding » column_padding_position= »all » background_color_opacity= »1&Prime; background_hover_color_opacity= »1&Prime; width= »1/1&Prime; tablet_text_alignment= »default » phone_text_alignment= »default »][divider line_type= »No Line » custom_height= »20&Prime;][/vc_column][/vc_row][vc_row type= »in_container » full_screen_row_position= »middle » scene_position= »center » text_color= »dark » text_align= »left » overlay_strength= »0.3&Prime;][vc_column column_padding= »no-extra-padding » column_padding_position= »all » background_color_opacity= »1&Prime; background_hover_color_opacity= »1&Prime; width= »1/1&Prime; tablet_text_alignment= »default » phone_text_alignment= »default »][vc_column_text]
<h2><span style="color: #06a290;">Devenir membre ou donateur/donatrice</span></h2>
[/vc_column_text][divider line_type= »No Line » custom_height= »20&Prime;][vc_column_text]Nous serions heureux de vous accueillir au sein de notre association, en tant que membre actif ou passif, pour des actions ou des projets concrets, à l’occasion de l’assemblée générale, lors d’événements organisés pour les patient(e)s à Berne ou à Zurich, ou encore pendant la semaine d’action sur la maladie de Verneuil.<br />
Mobilisez-vous et soutenez-nous! Cliquez ici pour accéder au formulaire de demande d’adhésion:[/vc_column_text][divider line_type= »No Line » custom_height= »20&Prime;][nectar_btn size= »large » open_new_tab= »true » button_style= »regular » button_color_2= »Extra-Color-1&Prime; icon_family= »none » text= »Formulaire de demande d&rsquo;adhesion » url= »https://ainv.abteilung.tools/mitglied-werden/ »][/vc_column][/vc_row][vc_row type= »in_container » full_screen_row_position= »middle » scene_position= »center » text_color= »dark » text_align= »left » overlay_strength= »0.3&Prime;][vc_column column_padding= »no-extra-padding » column_padding_position= »all » background_color_opacity= »1&Prime; background_hover_color_opacity= »1&Prime; width= »1/1&Prime; tablet_text_alignment= »default » phone_text_alignment= »default »][divider line_type= »Small Line » line_thickness= »1&Prime; divider_color= »default » custom_height= »40&Prime;][divider line_type= »No Line » custom_height= »20&Prime;][vc_column_text]
<h2><span style="color: #06a290;">Nous avons besoin de votre soutien</span></h2>
[/vc_column_text][divider line_type= »No Line » custom_height= »20&Prime;][vc_column_text]Chers sponsors,<br />
L’association Acne Inversa SchwAIz est administrée par des bénévoles. Afin de financier nos projets, nous dépendons de l’aide financière de sponsors. Renseignez-vous sur nos futurs projets!<br />
Si vous avez des questions, nous restons bien entendu à votre disposition. Il vous suffit pour cela d’envoyer un e-mail à <a href="mailto:kontakt@acneinversaschweiz.ch">kontakt@acneinversaschweiz.ch</a>. Nous pouvons naturellement délivrer des attestations de dons.</p>
<p>Bankverbindung: Verein Acne Inversa schwAIz<br />
IBAN:           CH82 8080 8007 6946 1791 2<br />
SWIFT-BIC: RAIFCH22675[/vc_column_text][divider line_type= »No Line » custom_height= »40&Prime;][divider line_type= »Small Line » line_thickness= »1&Prime; divider_color= »default » custom_height= »40&Prime;][/vc_column][/vc_row]
